{"id":279,"date":"2020-11-29T21:17:56","date_gmt":"2020-11-29T20:17:56","guid":{"rendered":"https:\/\/supermaid.ch\/shop\/?post_type=product&#038;p=279"},"modified":"2020-11-29T21:17:56","modified_gmt":"2020-11-29T20:17:56","slug":"durgol-entkalker-forte-1l","status":"publish","type":"product","link":"https:\/\/supermaid.ch\/shop\/product\/durgol-entkalker-forte-1l\/","title":{"rendered":"Durgol Entkalker Forte 1L"},"content":{"rendered":"<p>Mit Durgol Forte entfernen Sie besonders hartn\u00e4ckigen Kalk und Urinstein. Dabei wird das Kraftpaket gegen Kalk insbesondere f\u00fcr die Anwendung im Sanit\u00e4r- und Baubereich empfohlen.<\/p>\n<p>Wichtiger Hinweis: Durgol Forte enth\u00e4lt keinen Korrosionsschutz und ist deshalb f\u00fcr die Anwendung in Verbindung mit Metallen nicht geeignet. (enth\u00e4lt Salzs\u00e4ure)<\/p>\n","protected":false},"excerpt":{"rendered":"<p>Entfernt Urinstein und starke Kalkablagerungen<\/p>\n","protected":false},"featured_media":280,"comment_status":"open","ping_status":"closed","template":"","meta":[],"product_brand":[],"product_cat":[15],"product_tag":[],"class_list":{"0":"post-279","1":"product","2":"type-product","3":"status-publish","4":"has-post-thumbnail","6":"product_cat-featured_products","8":"first","9":"instock","10":"taxable","11":"shipping-taxable","12":"purchasable","13":"product-type-simple"},"_links":{"self":[{"href":"https:\/\/supermaid.ch\/shop\/wp-json\/wp\/v2\/product\/279","targetHints":{"allow":["GET"]}}],"collection":[{"href":"https:\/\/supermaid.ch\/shop\/wp-json\/wp\/v2\/product"}],"about":[{"href":"https:\/\/supermaid.ch\/shop\/wp-json\/wp\/v2\/types\/product"}],"replies":[{"embeddable":true,"href":"https:\/\/supermaid.ch\/shop\/wp-json\/wp\/v2\/comments?post=279"}],"wp:featuredmedia":[{"embeddable":true,"href":"https:\/\/supermaid.ch\/shop\/wp-json\/wp\/v2\/media\/280"}],"wp:attachment":[{"href":"https:\/\/supermaid.ch\/shop\/wp-json\/wp\/v2\/media?parent=279"}],"wp:term":[{"taxonomy":"product_brand","embeddable":true,"href":"https:\/\/supermaid.ch\/shop\/wp-json\/wp\/v2\/product_brand?post=279"},{"taxonomy":"product_cat","embeddable":true,"href":"https:\/\/supermaid.ch\/shop\/wp-json\/wp\/v2\/product_cat?post=279"},{"taxonomy":"product_tag","embeddable":true,"href":"https:\/\/supermaid.ch\/shop\/wp-json\/wp\/v2\/product_tag?post=279"}],"curies":[{"name":"wp","href":"https:\/\/api.w.org\/{rel}","templated":true}]}}