{"id":258,"date":"2020-05-02T08:53:32","date_gmt":"2020-05-02T07:53:32","guid":{"rendered":"https:\/\/supermaid.ch\/shop\/?post_type=product&#038;p=258"},"modified":"2024-08-29T12:24:38","modified_gmt":"2024-08-29T11:24:38","slug":"infrarot-fiebermessgerat","status":"publish","type":"product","link":"https:\/\/supermaid.ch\/shop\/product\/infrarot-fiebermessgerat\/","title":{"rendered":"Infrarot Fiebermessger\u00e4t"},"content":{"rendered":"<ul>\n<li>Infrarot Fiebermessger\u00e4t<\/li>\n<li>Ber\u00fchrungslose Messung<\/li>\n<li>LCD Digitales Thermometer<\/li>\n<li>Infrarot-Thermometer<\/li>\n<li>Stirnmessger\u00e4t f\u00fcr Baby &amp; Erwachsene<\/li>\n<li>Temperatur-Messrange: 32 &#8211; 42.9\u00b0 C<\/li>\n<li>Mit Memory-Funktion<\/li>\n<li>2 x AAA Batterien, sind nicht dabei<\/li>\n<li>Gewicht: 100g<\/li>\n<li>Mit CE und FDA Zertifikat<\/li>\n<\/ul>\n","protected":false},"excerpt":{"rendered":"<p>Infrarot Fiebermessger\u00e4t Ber\u00fchrungslose Messung LCD Digitales Thermometer Infrarot-Thermometer Stirnmessger\u00e4t f\u00fcr Baby &amp; Erwachsene Temperatur-Messrange: 32 &#8211; 42.9\u00b0 C Mit Memory-Funktion 2 x AAA Batterien, sind nicht dabei Gewicht: 100g Mit CE und FDA Zertifikat<\/p>\n","protected":false},"featured_media":259,"comment_status":"open","ping_status":"closed","template":"","meta":[],"product_brand":[],"product_cat":[15,31],"product_tag":[],"class_list":{"0":"post-258","1":"product","2":"type-product","3":"status-publish","4":"has-post-thumbnail","6":"product_cat-featured_products","7":"product_cat-haushaltsprodukte","9":"first","10":"instock","11":"sale","12":"taxable","13":"shipping-taxable","14":"purchasable","15":"product-type-simple"},"_links":{"self":[{"href":"https:\/\/supermaid.ch\/shop\/wp-json\/wp\/v2\/product\/258","targetHints":{"allow":["GET"]}}],"collection":[{"href":"https:\/\/supermaid.ch\/shop\/wp-json\/wp\/v2\/product"}],"about":[{"href":"https:\/\/supermaid.ch\/shop\/wp-json\/wp\/v2\/types\/product"}],"replies":[{"embeddable":true,"href":"https:\/\/supermaid.ch\/shop\/wp-json\/wp\/v2\/comments?post=258"}],"wp:featuredmedia":[{"embeddable":true,"href":"https:\/\/supermaid.ch\/shop\/wp-json\/wp\/v2\/media\/259"}],"wp:attachment":[{"href":"https:\/\/supermaid.ch\/shop\/wp-json\/wp\/v2\/media?parent=258"}],"wp:term":[{"taxonomy":"product_brand","embeddable":true,"href":"https:\/\/supermaid.ch\/shop\/wp-json\/wp\/v2\/product_brand?post=258"},{"taxonomy":"product_cat","embeddable":true,"href":"https:\/\/supermaid.ch\/shop\/wp-json\/wp\/v2\/product_cat?post=258"},{"taxonomy":"product_tag","embeddable":true,"href":"https:\/\/supermaid.ch\/shop\/wp-json\/wp\/v2\/product_tag?post=258"}],"curies":[{"name":"wp","href":"https:\/\/api.w.org\/{rel}","templated":true}]}}