{"id":231,"date":"2020-04-02T16:07:41","date_gmt":"2020-04-02T16:07:41","guid":{"rendered":"https:\/\/supermaid.ch\/shop\/?post_type=product&#038;p=231"},"modified":"2020-05-08T19:59:29","modified_gmt":"2020-05-08T18:59:29","slug":"palmolive-limonenfrisch-750ml","status":"publish","type":"product","link":"https:\/\/supermaid.ch\/shop\/product\/palmolive-limonenfrisch-750ml\/","title":{"rendered":"Palmolive Limonenfrisch 750ml"},"content":{"rendered":"<p>Palmolive Limonenfrisch 750ml<\/p>\n<p>Verbesserte Formel f\u00fcr mehr Effizienz. Enth\u00e4lt nat\u00fcrliche Pflegelipide. Dermatologisch getestet. 1 Spritzer auf 5 liter Wasser gen\u00fcgt f\u00fcr strahlend sauberes Geschirr.<\/p>\n","protected":false},"excerpt":{"rendered":"<p>Palmolive Limonenfrisch 750ml Verbesserte Formel f\u00fcr mehr Effizienz. Enth\u00e4lt nat\u00fcrliche Pflegelipide. Dermatologisch getestet. 1 Spritzer auf 5 liter Wasser gen\u00fcgt f\u00fcr strahlend sauberes Geschirr.<\/p>\n","protected":false},"featured_media":232,"comment_status":"open","ping_status":"closed","template":"","meta":[],"product_brand":[],"product_cat":[32],"product_tag":[],"class_list":{"0":"post-231","1":"product","2":"type-product","3":"status-publish","4":"has-post-thumbnail","6":"product_cat-reinigungsmittel","8":"first","9":"instock","10":"sale","11":"taxable","12":"shipping-taxable","13":"purchasable","14":"product-type-simple"},"_links":{"self":[{"href":"https:\/\/supermaid.ch\/shop\/wp-json\/wp\/v2\/product\/231","targetHints":{"allow":["GET"]}}],"collection":[{"href":"https:\/\/supermaid.ch\/shop\/wp-json\/wp\/v2\/product"}],"about":[{"href":"https:\/\/supermaid.ch\/shop\/wp-json\/wp\/v2\/types\/product"}],"replies":[{"embeddable":true,"href":"https:\/\/supermaid.ch\/shop\/wp-json\/wp\/v2\/comments?post=231"}],"wp:featuredmedia":[{"embeddable":true,"href":"https:\/\/supermaid.ch\/shop\/wp-json\/wp\/v2\/media\/232"}],"wp:attachment":[{"href":"https:\/\/supermaid.ch\/shop\/wp-json\/wp\/v2\/media?parent=231"}],"wp:term":[{"taxonomy":"product_brand","embeddable":true,"href":"https:\/\/supermaid.ch\/shop\/wp-json\/wp\/v2\/product_brand?post=231"},{"taxonomy":"product_cat","embeddable":true,"href":"https:\/\/supermaid.ch\/shop\/wp-json\/wp\/v2\/product_cat?post=231"},{"taxonomy":"product_tag","embeddable":true,"href":"https:\/\/supermaid.ch\/shop\/wp-json\/wp\/v2\/product_tag?post=231"}],"curies":[{"name":"wp","href":"https:\/\/api.w.org\/{rel}","templated":true}]}}